{"id":2,"date":"2016-05-10T03:48:21","date_gmt":"2016-05-10T03:48:21","guid":{"rendered":"http:\/\/lions.voigt-und-partner.de\/?page_id=2"},"modified":"2020-01-21T15:09:16","modified_gmt":"2020-01-21T15:09:16","slug":"sample-page","status":"publish","type":"page","link":"https:\/\/www.lions-eisenberg.de\/","title":{"rendered":"\u00dcBER LIONS"},"content":{"rendered":"<h2>Wer wir sind . . .<\/h2>\n<p>In Lions Clubs International sind freie Menschen vereinigt, die bereit sind, sich Problemen unserer Zeit zu stellen und uneigenn\u00fctzig an deren L\u00f6sung mitzuwirken. Initiator und Gr\u00fcnder von Lions Clubs International (LCI) war der amerikanische Gesch\u00e4ftsmann Melvin Jones. Er war \u00fcberzeugt, dass man in seinem Leben erst viel erreichen kann, wenn man anf\u00e4ngt, etwas f\u00fcr andere zu tun.<\/p>\n<p><a href=\"https:\/\/www.facebook.com\/Lions-Club-Eisenberg-218573842054384\/ \" target=\"_blank\" rel=\"noopener\"><img loading=\"lazy\" decoding=\"async\" class=\"alignnone wp-image-213\" src=\"http:\/\/lions.voigt-und-partner.de\/wp-content\/uploads\/2018\/01\/FB-FindUsOnFacebook-300x57.png\" alt=\"\" width=\"195\" height=\"37\" srcset=\"https:\/\/www.lions-eisenberg.de\/wp-content\/uploads\/2018\/01\/FB-FindUsOnFacebook-300x57.png 300w, https:\/\/www.lions-eisenberg.de\/wp-content\/uploads\/2018\/01\/FB-FindUsOnFacebook.png 500w\" sizes=\"auto, (max-width: 195px) 100vw, 195px\" \/><\/a><\/p>\n<h2>Was wir tun . . .<\/h2>\n<p>Lions Club Eisenberg helfen am Ort und in der Region \u00fcberall dort, wo das soziale Netz ein Loch hat. Sie engagieren sich in Deutschland und international dort, wo staatliches Handeln endet.<br \/>\nLions ist die Abk\u00fcrzung der englischen Begriffe: \u201eLiberty, Intelligence, Our Nation\u2018s Safety\u201c. Zu deutsch interpretiert: \u201eFreiheit des Geistes und Weisheit des Handelns zum Wohlergehen der Gemeinschaft\u201c.<\/p>\n<h2>Lions Club Eisenberg<\/h2>\n<p><img loading=\"lazy\" decoding=\"async\" class=\"alignnone size-full wp-image-57\" src=\"http:\/\/lions.voigt-und-partner.de\/wp-content\/uploads\/2016\/05\/Ueber_lions01.jpg\" alt=\"Lions Club Eisenberg\" width=\"800\" height=\"449\" srcset=\"https:\/\/www.lions-eisenberg.de\/wp-content\/uploads\/2016\/05\/Ueber_lions01.jpg 800w, https:\/\/www.lions-eisenberg.de\/wp-content\/uploads\/2016\/05\/Ueber_lions01-300x168.jpg 300w, https:\/\/www.lions-eisenberg.de\/wp-content\/uploads\/2016\/05\/Ueber_lions01-768x431.jpg 768w\" sizes=\"auto, (max-width: 800px) 100vw, 800px\" \/><\/p>\n<p><strong>Uneigenn\u00fctzig helfen und gemeinsam Gutes tun.<\/strong> Unter diesem Leitspruch wurde am 12.10.1996 von 19 Pers\u00f6nlichkeiten in Eisenberg \/ Th\u00fcringen der Lionsclub gegr\u00fcndet.<\/p>\n<p><img loading=\"lazy\" decoding=\"async\" class=\"alignnone size-full wp-image-62\" src=\"http:\/\/lions.voigt-und-partner.de\/wp-content\/uploads\/2016\/05\/Ueber_lions02.jpg\" alt=\"Lions Club Eisenberg\" width=\"800\" height=\"536\" srcset=\"https:\/\/www.lions-eisenberg.de\/wp-content\/uploads\/2016\/05\/Ueber_lions02.jpg 800w, https:\/\/www.lions-eisenberg.de\/wp-content\/uploads\/2016\/05\/Ueber_lions02-300x201.jpg 300w, https:\/\/www.lions-eisenberg.de\/wp-content\/uploads\/2016\/05\/Ueber_lions02-768x515.jpg 768w\" sizes=\"auto, (max-width: 800px) 100vw, 800px\" \/><\/p>\n<p><a href=\"http:\/\/lions.voigt-und-partner.de\/wp-content\/uploads\/2020\/01\/Lionsurkunde.jpg\"><img loading=\"lazy\" decoding=\"async\" class=\"alignnone wp-image-429 size-large\" src=\"http:\/\/lions.voigt-und-partner.de\/wp-content\/uploads\/2020\/01\/Lionsurkunde-728x1024.jpg\" alt=\"\" width=\"604\" height=\"850\" srcset=\"https:\/\/www.lions-eisenberg.de\/wp-content\/uploads\/2020\/01\/Lionsurkunde-728x1024.jpg 728w, https:\/\/www.lions-eisenberg.de\/wp-content\/uploads\/2020\/01\/Lionsurkunde-213x300.jpg 213w, https:\/\/www.lions-eisenberg.de\/wp-content\/uploads\/2020\/01\/Lionsurkunde-768x1081.jpg 768w, https:\/\/www.lions-eisenberg.de\/wp-content\/uploads\/2020\/01\/Lionsurkunde.jpg 1511w\" sizes=\"auto, (max-width: 604px) 100vw, 604px\" \/><\/a><\/p>\n","protected":false},"excerpt":{"rendered":"<p>Wer wir sind . . . In Lions Clubs International sind freie Menschen vereinigt, die bereit sind, sich Problemen unserer Zeit zu stellen und uneigenn\u00fctzig an deren L\u00f6sung mitzuwirken. Initiator und Gr\u00fcnder von Lions Clubs International (LCI) war der amerikanische Gesch\u00e4ftsmann Melvin Jones. Er war \u00fcberzeugt, dass man in seinem Leben erst viel erreichen kann, &hellip; <a href=\"https:\/\/www.lions-eisenberg.de\/\" class=\"more-link\"><span class=\"screen-reader-text\">\u00dcBER LIONS<\/span> weiterlesen <span class=\"meta-nav\">&rarr;<\/span><\/a><\/p>\n","protected":false},"author":1,"featured_media":0,"parent":0,"menu_order":0,"comment_status":"closed","ping_status":"open","template":"","meta":{"footnotes":""},"class_list":["post-2","page","type-page","status-publish","hentry"],"_links":{"self":[{"href":"https:\/\/www.lions-eisenberg.de\/index.php?rest_route=\/wp\/v2\/pages\/2","targetHints":{"allow":["GET"]}}],"collection":[{"href":"https:\/\/www.lions-eisenberg.de\/index.php?rest_route=\/wp\/v2\/pages"}],"about":[{"href":"https:\/\/www.lions-eisenberg.de\/index.php?rest_route=\/wp\/v2\/types\/page"}],"author":[{"embeddable":true,"href":"https:\/\/www.lions-eisenberg.de\/index.php?rest_route=\/wp\/v2\/users\/1"}],"replies":[{"embeddable":true,"href":"https:\/\/www.lions-eisenberg.de\/index.php?rest_route=%2Fwp%2Fv2%2Fcomments&post=2"}],"version-history":[{"count":10,"href":"https:\/\/www.lions-eisenberg.de\/index.php?rest_route=\/wp\/v2\/pages\/2\/revisions"}],"predecessor-version":[{"id":430,"href":"https:\/\/www.lions-eisenberg.de\/index.php?rest_route=\/wp\/v2\/pages\/2\/revisions\/430"}],"wp:attachment":[{"href":"https:\/\/www.lions-eisenberg.de\/index.php?rest_route=%2Fwp%2Fv2%2Fmedia&parent=2"}],"curies":[{"name":"wp","href":"https:\/\/api.w.org\/{rel}","templated":true}]}}